o) = -o. What are the prime factors of g(a)?
7
Suppose 0 = 6*c - 10226 - 1138. List the prime factors of c.
2, 947
Let c(l) = -479*l**3 + 3*l**2 + 5*l + 3. List the prime factors of c(-1).
2, 3, 5
Suppose 0 = -17*d + 20*d - 93. List the prime factors of d.
31
Suppose 11 = -c - 0*c - 2*t, 15 = -5*t. Let h be (-6 + 51)*(-3)/c. Suppose 2*u + 4*a + h = 7*u, -5*u = 4*a - 43. What are the prime factors of u?
7
Let l = -2 - 0. Let p(a) = 5*a**2 + 2. List the prime factors of p(l).
2, 11
Suppose -2*b + 6 = 4. Suppose -b = o - 27. What are the prime factors of o?
2, 13
Let s(p) = -p**3 + 31*p**2 - 15*p - 153. What are the prime factors of s(27)?
2, 3, 131
Suppose -159*x = -185*x + 11544. List the prime factors of x.
2, 3, 37
Suppose 0 = 4*y + 2*y. Suppose -5*j = -j - 4*g - 156, -2*g - 10 = y. Let w = 73 - j. List the prime factors of w.
3, 13
Suppose -829 = 10*m + 371. List the prime factors of (90/(-24))/3*m.
2, 3, 5
Let j(h) = 14*h**3 - h**2 - h. Let y be j(-1). Let s be -7*1/y*-12. What are the prime factors of (s/3)/((-1)/4)?
2
Let o be -1 + 32/(16/(-4)). Let j = o + 11. Suppose -x + 5*w - j*w - 2 = 0, -3*x - 4*w + 20 = 0. What are the prime factors of x?
2
List the prime factors of (3 - -26)*(14 - -93).
29, 107
Let r(n) = 2*n**3 - 4*n**2 - 9*n + 14. Let s = -95 + 101. List the prime factors of r(s).
2, 31
Let t be (-164)/52 + 6/39. Let f(n) = -4*n + 12. What are the prime factors of f(t)?
2, 3
Suppose -x + 0*x = -10. Let w be (53/(-3))/(x/(-30)). What are the prime factors of w + 1/((-3)/12)?
7
Suppose 6*k + 4*k = 1210. Let a = k - 28. List the prime factors of a.
3, 31
Let g(z) = -2*z**3 - 4*z**2 + 2*z - 4. Let t be g(-4). Suppose -2*n = -5*x - 2 - t, 8 = -4*x. List the prime factors of n.
2, 11
Let u(b) = b**3 + 28*b**2 - 36*b - 59. What are the prime factors of u(-29)?
2, 3
Suppose -2*f + 0*f + 30 = 0. Let d = -99 + f. List the prime factors of (3 - d)*(-4)/(-6).
2, 29
Let x(a) = -a**2 + 20*a + 3. Let s = -10 + 22. List the prime factors of x(s).
3, 11
Let q(h) be the third derivative of -31*h**4/24 + 10*h**3/3 + 41*h**2. What are the prime factors of q(-2)?
2, 41
Suppose 0 = j + 3*b - 19 + 3, -4*b = 0. List the prime factors of (844/(-6))/((j/(-12))/2).
211
Suppose 2*r + j + 22 = 541, r - 277 = -4*j. What are the prime factors of r?
257
Let m = 30 + -20. Let r be 34/10 + m/(-25). Suppose -r*j + 45 = 5*n, 2*j - 3 = -n + 6. List the prime factors of n.
3
Let n(i) be the first derivative of i**4/4 - i**2/2 + 2*i + 5. Let w be n(0). Suppose w*q = -2*g + 9 + 67, -4*q + 137 = g. List the prime factors of q.
3, 11
Suppose 10*h = 350 + 300. What are the prime factors of h?
5, 13
Suppose 4*d = 2*z - 0*z + 18, 26 = 3*d - 4*z. Suppose d + 3 = -5*m. What are the prime factors of ((-54)/m)/(6/3)?
3
List the prime factors of (13871/(-33) - -11)*6/(-4).
2, 307
Suppose -5*k + 15 + 5 = 2*t, -7 = -t - k. List the prime factors of -6 + (-84)/(-15) - (-482)/t.
2, 3
Let s(w) = 66*w + 6. Let b be s(-5). Let j = -225 - b. What are the prime factors of j?
3, 11
Suppose p = 2*d + 4152, -3*p - 2759 = -d - 15190. List the prime factors of p.
2, 19, 109
Let u be -4 - (0 + 3 + 0). List the prime factors of (-8)/16 - u/2.
3
Let c(p) = p**2 + 9*p + 3. Let k be c(-9). Suppose -k*i + 32 = -220. List the prime factors of i.
2, 3, 7
Let w be (-9)/15 + (-37)/5. What are the prime factors of 10/(-80) + (-641)/w?
2, 5
Let p(u) = u**3 + 6*u**2 - 6*u. Let h be p(-6). Suppose 4*g - 203 = -3*j, 5*j - 2*g - 347 = -0*g. Let r = j - h. List the prime factors of r.
3, 11
Suppose l + 2*l - 602 = -2*t, -4*t + 3*l = -1186. What are the prime factors of t?
2, 149
Suppose -6*c + 7*c - 4 = 0. Suppose -a - 3 = c. What are the prime factors of (a/21)/(1/(-33))?
11
Let b = 21 - -57. Suppose 5*z + 8 = 2*p + b, 2*z + 5*p = -1. What are the prime factors of z?
2, 3
Let a(c) = c + 1. Let g be a(1). Let q be 7337/87 - 4/(-6). Suppose -2*i + 0*t + q = t, 0 = -g*t + 6. What are the prime factors of i?
41
Let i = -24 + -36. Let y = i + 85. List the prime factors of y.
5
Suppose 17*j - 5*j = 24. List the prime factors of 1 - -292*(3/j)/3.
3, 7
What are the prime factors of (-205488)/(-120) + (-2 - (-8)/5)?
2, 107
Let p(c) be the third derivative of c**6/60 - c**5/20 + c**3/3 + c**2. Let s be p(2). Let l = -1 + s. List the prime factors of l.
5
Let q(r) = 10*r**3 - 15*r**2 - 5*r + 42. List the prime factors of q(6).
2, 3, 17
List the prime factors of 3/(1 + 6130/(-6145)).
1229
Let v be (0/3)/(-2 + 0). Suppose -7*o + 136 = -3*o. Let u = o - v. What are the prime factors of u?
2, 17
Suppose 0 = -9*k + 8332 + 1262. What are the prime factors of k?
2, 13, 41
Let d be (-32)/(-10) + 68/85. Suppose -3*v - 13 - 14 = -3*k, -4*k - 4 = d*v. Let w(i) = -i**3 + 6*i**2 + 5*i - 5. What are the prime factors of w(k)?
47
Let o be (-8)/10*35/(-14). Suppose 2*i + 2*i - o*r = 60, -5*i + 5*r = -85. What are the prime factors of i?
13
Let w(l) = -3*l**3 - 8*l**2 - 7*l - 12. List the prime factors of w(-4).
2, 5
What are the prime factors of 2698/((-3)/(-18)*6) + 3?
37, 73
Let u(r) be the first derivative of 4*r - 8*r - 10 + 13*r**2 + 6*r. List the prime factors of u(1).
2, 7
List the prime factors of -42*(-66)/21*(-156)/(-13).
2, 3, 11
Let k = 3620 - 2379. What are the prime factors of k?
17, 73
Let o = 141 - 76. Suppose 2*r - 141 = -r. Suppose -o = -4*a + r. What are the prime factors of a?
2, 7
Suppose -91 = -2*i + 5*b + 165, 0 = -4*b. Suppose 4*m - i = 56. What are the prime factors of m?
2, 23
Let h = -200 - -366. Let v = -63 + h. List the prime factors of v.
103
Suppose 17*f + 2*f - 9785 = 0. What are the prime factors of f?
5, 103
Let h = 1474 + -1442. List the prime factors of h.
2
Suppose 5*x - 32 = x. Let t = x - 2. Let n = t + -2. List the prime factors of n.
2
Suppose 0 = 7*l - 6*l + 2*t - 497, -3*l = t - 1501. List the prime factors of l.
3, 167
Suppose -102*z - 441 = -103*z. Suppose v - 10*v = -z. What are the prime factors of v?
7
Let j = -2521 - -3726. What are the prime factors of j?
5, 241
Suppose 986 = 3*b + 3*g - 451, g + 1926 = 4*b. What are the prime factors of b?
13, 37
Let g = 6253 + -1261. What are the prime factors of g?
2, 3, 13
Let u = 0 - -2. Suppose 0 = h + u*h - 9. Suppose 6*c - h*j = c + 43, 2*c - 5*j = 21. What are the prime factors of c?
2
Suppose 17*j = 17452 - 1438. List the prime factors of j.
2, 3, 157
Let o(r) = r**3 - 5*r**2 + 5*r + 13. List the prime factors of o(10).
563
Let r = 12 - 12. Suppose -4*n + 66 + 58 = r. What are the prime factors of n?
31
Let y(l) = l**3 - 10*l**2 + 15*l + 8. Let g be y(8). Suppose 2*c - 36 = s, g = -2*c + 4*s + 23 + 1. What are the prime factors of c?
2, 5
Let s = -1829 + 4157. What are the prime factors of s?
2, 3, 97
Let i = 9 + -46. Let w = 2 - i. What are the prime factors of w?
3, 13
List the prime factors of (0 - 285/(-20))*(-80)/(-15).
2, 19
Suppose 3*q - 33*v + 36*v - 3516 = 0, 2*v - 2 = 0. List the prime factors of q.
1171
Suppose d - h - 321 - 92 = 0, -5*h - 409 = -d. What are the prime factors of d?
2, 3, 23
Let k(t) = 12*t**3 - t**2 - t + 1. Let y be (2 + -2)/2 - -7. Let v = y - 6. What are the prime factors of k(v)?
11
Let a(t) = -t**3 - 5*t**2 - 6*t - 5. Let j be a(-5). Suppose 5*n - 14 + 4 = 0. Suppose 3 = n*u - j. What are the prime factors of u?
2, 7
Let c(x) = x**3 + 10*x**2 + 3*x - 1. Let u be c(-4). Suppose -g = 2*o - u, 5*o - g = o + 169. Suppose -y = -4*y + o. What are the prime factors of y?
2, 7
Suppose 859 + 1903 = 2*j. What are the prime factors of j?
1381
Suppose 2*w - 262 = -0*w. Let m = -48 - -53. Suppose -v - 4*v + p + w = 0, -135 = -5*v + m*p. What are the prime factors of v?
2, 13
Let i(f) = f**2 - 6*f + 14. Let t be i(6). List the prime factors of (1 + (1 - -5))*14/t.
7
Let h(k) = k**3 + 7*k**2 + 5*k - 1. Let u be h(-6). Suppose 2 = g + u*f + 6, 3*g - 52 = f. Suppose -i = -7 - g. List the prime factors of i.
23
Suppose 5*i = -4*c + 2645, -i - 18*c = -23*c - 500. What are the prime factors of i?
3, 5, 7
Suppose 2*d - 4*d + 8 = 0. Suppose -d*h - 4 = 4. What are the prime factors of (h - 6/(-4))*-44?
2, 11
Let c be (2 + (-9)/6)/((-1)/(-16)). Suppose c*p - 10*p = -324. List the prime factors of p.
2, 3
List the prime factors of ((-10)/(200/20310))/((-3)/4).
2, 677
What are the prime factors of 1164 + 128/48 + 4/3?
2, 73
Let a